{"id":18,"date":"2025-10-16T16:34:54","date_gmt":"2025-10-16T14:34:54","guid":{"rendered":"https:\/\/3com2025.ppawebdesign.com\/com1groupe1\/?page_id=18"},"modified":"2025-11-19T00:15:04","modified_gmt":"2025-11-18T23:15:04","slug":"concept-savons-naturels","status":"publish","type":"page","link":"https:\/\/3com2025.ppawebdesign.com\/com1groupe1\/concept-savons-naturels\/","title":{"rendered":"Concept"},"content":{"rendered":"<p>[et_pb_section fb_built=\u00a0\u00bb1&Prime; _builder_version=\u00a0\u00bb4.27.4&Prime; _module_preset=\u00a0\u00bbdefault\u00a0\u00bb global_colors_info=\u00a0\u00bb{}\u00a0\u00bb][et_pb_row _builder_version=\u00a0\u00bb4.27.4&Prime; _module_preset=\u00a0\u00bbdefault\u00a0\u00bb module_alignment=\u00a0\u00bbcenter\u00a0\u00bb hover_enabled=\u00a0\u00bb0&Prime; global_colors_info=\u00a0\u00bb{}\u00a0\u00bb sticky_enabled=\u00a0\u00bb0&Prime;][et_pb_column type=\u00a0\u00bb4_4&Prime; _builder_version=\u00a0\u00bb4.27.4&Prime; _module_preset=\u00a0\u00bbdefault\u00a0\u00bb global_colors_info=\u00a0\u00bb{}\u00a0\u00bb][et_pb_post_title _builder_version=\u00a0\u00bb4.27.4&Prime; _module_preset=\u00a0\u00bbdefault\u00a0\u00bb hover_enabled=\u00a0\u00bb0&Prime; global_colors_info=\u00a0\u00bb{}\u00a0\u00bb meta_text_color=\u00a0\u00bb#FFFFFF\u00a0\u00bb text_orientation=\u00a0\u00bbcenter\u00a0\u00bb transform_scale=\u00a0\u00bb192%|192%\u00a0\u00bb sticky_enabled=\u00a0\u00bb0&Prime;][\/et_pb_post_title][\/et_pb_column][\/et_pb_row][et_pb_row _builder_version=\u00a0\u00bb4.27.4&Prime; _module_preset=\u00a0\u00bbdefault\u00a0\u00bb global_colors_info=\u00a0\u00bb{}\u00a0\u00bb][et_pb_column type=\u00a0\u00bb4_4&Prime; _builder_version=\u00a0\u00bb4.27.4&Prime; _module_preset=\u00a0\u00bbdefault\u00a0\u00bb global_colors_info=\u00a0\u00bb{}\u00a0\u00bb][et_pb_image src=\u00a0\u00bbhttps:\/\/3com2025.ppawebdesign.com\/com1groupe1\/wp-content\/uploads\/sites\/2\/2025\/11\/1_17_785.jpg\u00a0\u00bb title_text=\u00a0\u00bb1_17_785&Prime; _builder_version=\u00a0\u00bb4.27.4&Prime; _module_preset=\u00a0\u00bbdefault\u00a0\u00bb animation_style=\u00a0\u00bbfade\u00a0\u00bb border_radii=\u00a0\u00bbon|50px|50px|50px|50px\u00a0\u00bb border_width_all=\u00a0\u00bb8px\u00a0\u00bb border_color_all=\u00a0\u00bb#c2e4ff\u00a0\u00bb global_colors_info=\u00a0\u00bb{}\u00a0\u00bb][\/et_pb_image][\/et_pb_column][\/et_pb_row][et_pb_row _builder_version=\u00a0\u00bb4.27.4&Prime; _module_preset=\u00a0\u00bbdefault\u00a0\u00bb global_colors_info=\u00a0\u00bb{}\u00a0\u00bb][et_pb_column type=\u00a0\u00bb4_4&Prime; _builder_version=\u00a0\u00bb4.27.4&Prime; _module_preset=\u00a0\u00bbdefault\u00a0\u00bb global_colors_info=\u00a0\u00bb{}\u00a0\u00bb][et_pb_text _builder_version=\u00a0\u00bb4.27.4&Prime; _module_preset=\u00a0\u00bbdefault\u00a0\u00bb global_colors_info=\u00a0\u00bb{}\u00a0\u00bb]<\/p>\n<h1><strong><u>Le concept de Sa\u2019Mousse : savons artisanaux, naturels et cr\u00e9atifs \u00e0 Marseille<\/u><\/strong><\/h1>\n<p>[\/et_pb_text][et_pb_text _builder_version=\u00a0\u00bb4.27.4&Prime; _module_preset=\u00a0\u00bbdefault\u00a0\u00bb custom_margin=\u00a0\u00bb||-1px|||\u00a0\u00bb custom_padding=\u00a0\u00bb29px||0px|||\u00a0\u00bb global_colors_info=\u00a0\u00bb{}\u00a0\u00bb]<\/p>\n<p>Dans la savonnerie de Sa\u2019Mousse, chacun de nos produits refl\u00e8te notre passion pour l\u2019artisanat, \u00e0 Marseille. En effet, nous fabriquons des savons naturels, qui se distinguent par leurs diff\u00e9rentes formes et leurs senteurs uniques. De plus, nous respectons la cr\u00e9ation bio, en utilisant des ingr\u00e9dients locaux de haute qualit\u00e9. Par ailleurs Sa\u2019Mousse est aussi un lieu de partage et de cr\u00e9ativit\u00e9, pens\u00e9 pour donner du sens au geste du quotidien. Afin de rendre ludique la cr\u00e9ation et l\u2019utilisation de nos savons. C\u2019est pourquoi nous avons con\u00e7u nos ateliers afin que chacun puisse choisir ses ingr\u00e9dients, m\u00e9langer les senteurs et jouer avec les formes pour fabriquer son propre savon, unique et personnalis\u00e9.<\/p>\n<p>Nous offrons ainsi plus que des savons : nous proposons une exp\u00e9rience conviviale et cr\u00e9ative, \u00e0 vivre seul, entre amis ou en famille !<\/p>\n<p>[\/et_pb_text][\/et_pb_column][\/et_pb_row][et_pb_row _builder_version=\u00a0\u00bb4.27.4&Prime; _module_preset=\u00a0\u00bbdefault\u00a0\u00bb global_colors_info=\u00a0\u00bb{}\u00a0\u00bb][et_pb_column type=\u00a0\u00bb4_4&Prime; _builder_version=\u00a0\u00bb4.27.4&Prime; _module_preset=\u00a0\u00bbdefault\u00a0\u00bb global_colors_info=\u00a0\u00bb{}\u00a0\u00bb][et_pb_video src=\u00a0\u00bbhttps:\/\/www.youtube.com\/watch?v=FwTFugpOgKs\u00a0\u00bb _builder_version=\u00a0\u00bb4.27.4&Prime; _module_preset=\u00a0\u00bbdefault\u00a0\u00bb animation_style=\u00a0\u00bbfade\u00a0\u00bb border_radii=\u00a0\u00bbon|19px|19px|19px|19px\u00a0\u00bb border_width_all=\u00a0\u00bb9px\u00a0\u00bb border_color_all=\u00a0\u00bb#c2e4ff\u00a0\u00bb global_colors_info=\u00a0\u00bb{}\u00a0\u00bb][\/et_pb_video][\/et_pb_column][\/et_pb_row][et_pb_row column_structure=\u00a0\u00bb1_3,1_3,1_3&Prime; _builder_version=\u00a0\u00bb4.27.4&Prime; _module_preset=\u00a0\u00bbdefault\u00a0\u00bb global_colors_info=\u00a0\u00bb{}\u00a0\u00bb][et_pb_column type=\u00a0\u00bb1_3&Prime; _builder_version=\u00a0\u00bb4.27.4&Prime; _module_preset=\u00a0\u00bbdefault\u00a0\u00bb global_colors_info=\u00a0\u00bb{}\u00a0\u00bb][et_pb_image src=\u00a0\u00bbhttps:\/\/3com2025.ppawebdesign.com\/com1groupe1\/wp-content\/uploads\/sites\/2\/2025\/11\/savon-solide-moana-ancienne-formule.webp\u00a0\u00bb title_text=\u00a0\u00bbsavon-solide-moana-ancienne-formule\u00a0\u00bb _builder_version=\u00a0\u00bb4.27.4&Prime; _module_preset=\u00a0\u00bbdefault\u00a0\u00bb animation_style=\u00a0\u00bbfade\u00a0\u00bb border_radii=\u00a0\u00bbon|50px|50px|50px|50px\u00a0\u00bb global_colors_info=\u00a0\u00bb{}\u00a0\u00bb][\/et_pb_image][et_pb_text _builder_version=\u00a0\u00bb4.27.4&Prime; _module_preset=\u00a0\u00bbdefault\u00a0\u00bb global_colors_info=\u00a0\u00bb{}\u00a0\u00bb]<\/p>\n<h2><strong><u>L\u2019atelier et la cr\u00e9ativit\u00e9\u00a0:<\/u><\/strong><\/h2>\n<p>[\/et_pb_text][et_pb_text _builder_version=\u00a0\u00bb4.27.4&Prime; _module_preset=\u00a0\u00bbdefault\u00a0\u00bb global_colors_info=\u00a0\u00bb{}\u00a0\u00bb]<\/p>\n<p>Nos ateliers permettent \u00e0 chacun de fabriquer son propre savon. Cela\u00a0 avec diff\u00e9rents ingr\u00e9dients, en jouant avec les formes, pour rendre chaque savon unique au monde. Ces ateliers ont \u00e9t\u00e9 pens\u00e9s comme des moments de partage et de cr\u00e9ation, o\u00f9 le plaisir de fabriquer se combine avec celui d\u2019offrir, ou de s\u2019offrir un instant de douceur.<\/p>\n<p>[\/et_pb_text][\/et_pb_column][et_pb_column type=\u00a0\u00bb1_3&Prime; _builder_version=\u00a0\u00bb4.27.4&Prime; _module_preset=\u00a0\u00bbdefault\u00a0\u00bb global_colors_info=\u00a0\u00bb{}\u00a0\u00bb][et_pb_image src=\u00a0\u00bbhttps:\/\/3com2025.ppawebdesign.com\/com1groupe1\/wp-content\/uploads\/sites\/2\/2025\/11\/ETEASYRACUSE13_1800x.webp\u00a0\u00bb title_text=\u00a0\u00bbETEASYRACUSE13_1800x\u00a0\u00bb _builder_version=\u00a0\u00bb4.27.4&Prime; _module_preset=\u00a0\u00bbdefault\u00a0\u00bb animation_style=\u00a0\u00bbfade\u00a0\u00bb border_radii=\u00a0\u00bbon|50px|50px|50px|50px\u00a0\u00bb global_colors_info=\u00a0\u00bb{}\u00a0\u00bb][\/et_pb_image][et_pb_text _builder_version=\u00a0\u00bb4.27.4&Prime; _module_preset=\u00a0\u00bbdefault\u00a0\u00bb global_colors_info=\u00a0\u00bb{}\u00a0\u00bb]<\/p>\n<h2><strong><u>Le bio et l\u2019\u00e9coresponsable\u00a0:<\/u><\/strong><\/h2>\n<p>[\/et_pb_text][et_pb_text _builder_version=\u00a0\u00bb4.27.4&Prime; _module_preset=\u00a0\u00bbdefault\u00a0\u00bb global_colors_info=\u00a0\u00bb{}\u00a0\u00bb]<\/p>\n<p>Nous avons \u00e0 coeur de respecter votre peau et notre plan\u00e8te. Pour r\u00e9aliser ces deux missions, tous nos savons sont 100 % naturels et bio. Nous utilisions \u00e9galement des emballages recyclables, pour offrir des produits sains, durables et respectueux de l\u2019environnement.<\/p>\n<p>[\/et_pb_text][\/et_pb_column][et_pb_column type=\u00a0\u00bb1_3&Prime; _builder_version=\u00a0\u00bb4.27.4&Prime; _module_preset=\u00a0\u00bbdefault\u00a0\u00bb global_colors_info=\u00a0\u00bb{}\u00a0\u00bb][et_pb_image src=\u00a0\u00bbhttps:\/\/3com2025.ppawebdesign.com\/com1groupe1\/wp-content\/uploads\/sites\/2\/2025\/11\/52766DDE-6B93-44A3-BA6E-BB2D755EBE22.jpeg\u00a0\u00bb title_text=\u00a0\u00bb52766DDE-6B93-44A3-BA6E-BB2D755EBE22&Prime; _builder_version=\u00a0\u00bb4.27.4&Prime; _module_preset=\u00a0\u00bbdefault\u00a0\u00bb animation_style=\u00a0\u00bbfade\u00a0\u00bb border_radii=\u00a0\u00bbon|50px|50px|50px|50px\u00a0\u00bb global_colors_info=\u00a0\u00bb{}\u00a0\u00bb][\/et_pb_image][et_pb_text _builder_version=\u00a0\u00bb4.27.4&Prime; _module_preset=\u00a0\u00bbdefault\u00a0\u00bb custom_padding=\u00a0\u00bb||0px|||\u00a0\u00bb global_colors_info=\u00a0\u00bb{}\u00a0\u00bb]<\/p>\n<h2><strong><u>Les formes et les senteurs uniques\u00a0:<\/u><\/strong><\/h2>\n<p>[\/et_pb_text][et_pb_text _builder_version=\u00a0\u00bb4.27.4&Prime; _module_preset=\u00a0\u00bbdefault\u00a0\u00bb custom_padding=\u00a0\u00bb|0px|0px|||\u00a0\u00bb global_colors_info=\u00a0\u00bb{}\u00a0\u00bb]<\/p>\n<p>Notre objectif chez Sa\u2019Mousse est de vous offrir une r\u00e9elle valeur ajout\u00e9e \u00e0 travers nos cr\u00e9ations uniques. Celles-ci allient originalit\u00e9 et authenticit\u00e9 locale. Tant dans leurs formes que dans leurs senteurs. Ainsi, c\u2019est le souvenir parfait de Marseille, que vous ne trouverez nulle part ailleurs !<\/p>\n<p>[\/et_pb_text][\/et_pb_column][\/et_pb_row][\/et_pb_section]<\/p>\n","protected":false},"excerpt":{"rendered":"<p>Le concept de Sa\u2019Mousse : savons artisanaux, naturels et cr\u00e9atifs \u00e0 MarseilleDans la savonnerie de Sa\u2019Mousse, chacun de nos produits refl\u00e8te notre passion pour l\u2019artisanat, \u00e0 Marseille. En effet, nous fabriquons des savons naturels, qui se distinguent par leurs diff\u00e9rentes formes et leurs senteurs uniques. De plus, nous respectons la cr\u00e9ation bio, en utilisant des [&hellip;]<\/p>\n","protected":false},"author":4,"featured_media":0,"parent":0,"menu_order":0,"comment_status":"closed","ping_status":"closed","template":"","meta":{"_et_pb_use_builder":"on","_et_pb_old_content":"","_et_gb_content_width":"","footnotes":""},"class_list":["post-18","page","type-page","status-publish","hentry"],"yoast_head":"<!-- This site is optimized with the Yoast SEO plugin v26.1.1 - https:\/\/yoast.com\/wordpress\/plugins\/seo\/ -->\n<title>Sa&#039;Mousse : l\u2019art des savons naturels et personnalis\u00e9 \u00e0 Marseille<\/title>\n<meta name=\"description\" content=\"D\u00e9couvrez Samus \u00e0 Marseille : savons artisanaux, bio et naturels, ateliers cr\u00e9atifs et moments de partage.\" \/>\n<meta name=\"robots\" content=\"index, follow, max-snippet:-1, max-image-preview:large, max-video-preview:-1\" \/>\n<link rel=\"canonical\" href=\"https:\/\/3com2025.ppawebdesign.com\/com1groupe1\/concept-savons-naturels\/\" \/>\n<meta property=\"og:locale\" content=\"fr_FR\" \/>\n<meta property=\"og:type\" content=\"article\" \/>\n<meta property=\"og:title\" content=\"Sa&#039;Mousse : l\u2019art des savons naturels et personnalis\u00e9 \u00e0 Marseille\" \/>\n<meta property=\"og:description\" content=\"D\u00e9couvrez Samus \u00e0 Marseille : savons artisanaux, bio et naturels, ateliers cr\u00e9atifs et moments de partage.\" \/>\n<meta property=\"og:url\" content=\"https:\/\/3com2025.ppawebdesign.com\/com1groupe1\/concept-savons-naturels\/\" \/>\n<meta property=\"og:site_name\" content=\"Com1 Groupe 1\" \/>\n<meta property=\"article:modified_time\" content=\"2025-11-18T23:15:04+00:00\" \/>\n<meta name=\"twitter:card\" content=\"summary_large_image\" \/>\n<meta name=\"twitter:label1\" content=\"Dur\u00e9e de lecture estim\u00e9e\" \/>\n\t<meta name=\"twitter:data1\" content=\"3 minutes\" \/>\n<script type=\"application\/ld+json\" class=\"yoast-schema-graph\">{\"@context\":\"https:\/\/schema.org\",\"@graph\":[{\"@type\":\"WebPage\",\"@id\":\"https:\/\/3com2025.ppawebdesign.com\/com1groupe1\/concept-savons-naturels\/\",\"url\":\"https:\/\/3com2025.ppawebdesign.com\/com1groupe1\/concept-savons-naturels\/\",\"name\":\"Sa'Mousse : l\u2019art des savons naturels et personnalis\u00e9 \u00e0 Marseille\",\"isPartOf\":{\"@id\":\"https:\/\/3com2025.ppawebdesign.com\/com1groupe1\/#website\"},\"datePublished\":\"2025-10-16T14:34:54+00:00\",\"dateModified\":\"2025-11-18T23:15:04+00:00\",\"description\":\"D\u00e9couvrez Samus \u00e0 Marseille : savons artisanaux, bio et naturels, ateliers cr\u00e9atifs et moments de partage.\",\"breadcrumb\":{\"@id\":\"https:\/\/3com2025.ppawebdesign.com\/com1groupe1\/concept-savons-naturels\/#breadcrumb\"},\"inLanguage\":\"fr-FR\",\"potentialAction\":[{\"@type\":\"ReadAction\",\"target\":[\"https:\/\/3com2025.ppawebdesign.com\/com1groupe1\/concept-savons-naturels\/\"]}]},{\"@type\":\"BreadcrumbList\",\"@id\":\"https:\/\/3com2025.ppawebdesign.com\/com1groupe1\/concept-savons-naturels\/#breadcrumb\",\"itemListElement\":[{\"@type\":\"ListItem\",\"position\":1,\"name\":\"Accueil\",\"item\":\"https:\/\/3com2025.ppawebdesign.com\/com1groupe1\/\"},{\"@type\":\"ListItem\",\"position\":2,\"name\":\"Concept\"}]},{\"@type\":\"WebSite\",\"@id\":\"https:\/\/3com2025.ppawebdesign.com\/com1groupe1\/#website\",\"url\":\"https:\/\/3com2025.ppawebdesign.com\/com1groupe1\/\",\"name\":\"Com1 Groupe 1\",\"description\":\"\",\"potentialAction\":[{\"@type\":\"SearchAction\",\"target\":{\"@type\":\"EntryPoint\",\"urlTemplate\":\"https:\/\/3com2025.ppawebdesign.com\/com1groupe1\/?s={search_term_string}\"},\"query-input\":{\"@type\":\"PropertyValueSpecification\",\"valueRequired\":true,\"valueName\":\"search_term_string\"}}],\"inLanguage\":\"fr-FR\"}]}<\/script>\n<!-- \/ Yoast SEO plugin. -->","yoast_head_json":{"title":"Sa'Mousse : l\u2019art des savons naturels et personnalis\u00e9 \u00e0 Marseille","description":"D\u00e9couvrez Samus \u00e0 Marseille : savons artisanaux, bio et naturels, ateliers cr\u00e9atifs et moments de partage.","robots":{"index":"index","follow":"follow","max-snippet":"max-snippet:-1","max-image-preview":"max-image-preview:large","max-video-preview":"max-video-preview:-1"},"canonical":"https:\/\/3com2025.ppawebdesign.com\/com1groupe1\/concept-savons-naturels\/","og_locale":"fr_FR","og_type":"article","og_title":"Sa'Mousse : l\u2019art des savons naturels et personnalis\u00e9 \u00e0 Marseille","og_description":"D\u00e9couvrez Samus \u00e0 Marseille : savons artisanaux, bio et naturels, ateliers cr\u00e9atifs et moments de partage.","og_url":"https:\/\/3com2025.ppawebdesign.com\/com1groupe1\/concept-savons-naturels\/","og_site_name":"Com1 Groupe 1","article_modified_time":"2025-11-18T23:15:04+00:00","twitter_card":"summary_large_image","twitter_misc":{"Dur\u00e9e de lecture estim\u00e9e":"3 minutes"},"schema":{"@context":"https:\/\/schema.org","@graph":[{"@type":"WebPage","@id":"https:\/\/3com2025.ppawebdesign.com\/com1groupe1\/concept-savons-naturels\/","url":"https:\/\/3com2025.ppawebdesign.com\/com1groupe1\/concept-savons-naturels\/","name":"Sa'Mousse : l\u2019art des savons naturels et personnalis\u00e9 \u00e0 Marseille","isPartOf":{"@id":"https:\/\/3com2025.ppawebdesign.com\/com1groupe1\/#website"},"datePublished":"2025-10-16T14:34:54+00:00","dateModified":"2025-11-18T23:15:04+00:00","description":"D\u00e9couvrez Samus \u00e0 Marseille : savons artisanaux, bio et naturels, ateliers cr\u00e9atifs et moments de partage.","breadcrumb":{"@id":"https:\/\/3com2025.ppawebdesign.com\/com1groupe1\/concept-savons-naturels\/#breadcrumb"},"inLanguage":"fr-FR","potentialAction":[{"@type":"ReadAction","target":["https:\/\/3com2025.ppawebdesign.com\/com1groupe1\/concept-savons-naturels\/"]}]},{"@type":"BreadcrumbList","@id":"https:\/\/3com2025.ppawebdesign.com\/com1groupe1\/concept-savons-naturels\/#breadcrumb","itemListElement":[{"@type":"ListItem","position":1,"name":"Accueil","item":"https:\/\/3com2025.ppawebdesign.com\/com1groupe1\/"},{"@type":"ListItem","position":2,"name":"Concept"}]},{"@type":"WebSite","@id":"https:\/\/3com2025.ppawebdesign.com\/com1groupe1\/#website","url":"https:\/\/3com2025.ppawebdesign.com\/com1groupe1\/","name":"Com1 Groupe 1","description":"","potentialAction":[{"@type":"SearchAction","target":{"@type":"EntryPoint","urlTemplate":"https:\/\/3com2025.ppawebdesign.com\/com1groupe1\/?s={search_term_string}"},"query-input":{"@type":"PropertyValueSpecification","valueRequired":true,"valueName":"search_term_string"}}],"inLanguage":"fr-FR"}]}},"_links":{"self":[{"href":"https:\/\/3com2025.ppawebdesign.com\/com1groupe1\/wp-json\/wp\/v2\/pages\/18","targetHints":{"allow":["GET"]}}],"collection":[{"href":"https:\/\/3com2025.ppawebdesign.com\/com1groupe1\/wp-json\/wp\/v2\/pages"}],"about":[{"href":"https:\/\/3com2025.ppawebdesign.com\/com1groupe1\/wp-json\/wp\/v2\/types\/page"}],"author":[{"embeddable":true,"href":"https:\/\/3com2025.ppawebdesign.com\/com1groupe1\/wp-json\/wp\/v2\/users\/4"}],"replies":[{"embeddable":true,"href":"https:\/\/3com2025.ppawebdesign.com\/com1groupe1\/wp-json\/wp\/v2\/comments?post=18"}],"version-history":[{"count":39,"href":"https:\/\/3com2025.ppawebdesign.com\/com1groupe1\/wp-json\/wp\/v2\/pages\/18\/revisions"}],"predecessor-version":[{"id":620,"href":"https:\/\/3com2025.ppawebdesign.com\/com1groupe1\/wp-json\/wp\/v2\/pages\/18\/revisions\/620"}],"wp:attachment":[{"href":"https:\/\/3com2025.ppawebdesign.com\/com1groupe1\/wp-json\/wp\/v2\/media?parent=18"}],"curies":[{"name":"wp","href":"https:\/\/api.w.org\/{rel}","templated":true}]}}